 Suppose 5*u - 4*k = -15, -3*u + 0*k - 16 = -k. Let i = 0 - u. Let t be o(i). Calculate the greatest common divisor of t and 25.
5
Suppose -6*u + 3*u + 6 = 0. Let h = u - -7. What is the highest common divisor of 3 and h?
3
Suppose -4*z + 50 = -2*h, 0 = 3*h + 2*h + 2*z + 125. Let x = -24 - h. Suppose -x = 4*m - 9. What is the highest common divisor of 5 and m?
1
Let s be (-1)/(-3)*(-4 + 79). Suppose -48 = -5*z + 3*m, 3*z + z + m = 35. Let t = z + 16. What is the greatest common factor of s and t?
25
Suppose 4*a - 85 = 195. Suppose 13*m - 594 + 230 = 0. What is the greatest common divisor of a and m?
14
Let l(s) = 4*s**2 + s - 1. Let d(j) = j**2 - 11*j + 16. Let p be d(9). Let u be l(p). Calculate the greatest common divisor of u and 130.
13
Let v(o) = 112*o + 1. Let b be v(2). Let n(d) = -d**3 + 25*d**2 - 71*d - 7. Let u be n(4). Calculate the highest common factor of u and b.
45
Let x(j) = -j + 937. Let w be x(77). What is the highest common factor of w and 40?
20
Suppose 5*i + 537 = -3*a, -2*i + 5*a = 4*a + 206. Let m be (i/(-20))/((-15)/(-800)). What is the greatest common divisor of m and 35?
35
Let d = 13 + 50. Let h be (-2 - (-1 + 5))/((-10)/15). Calculate the highest common factor of h and d.
9
Suppose 28*o - 31*o = -63. Let m be -1 + (1/1 - -3). What is the highest common divisor of m and o?
3
Let g(j) = -j**2 - 20*j + 14. Let z be (-1 + 6)*(-24)/10. Let h be g(z). Let v = -10 - -20. Calculate the greatest common factor of h and v.
10
Let s(j) = 57*j**3 + 1. Suppose -4*n = -3*u + 8, -18 = 2*n - 4*n - 4*u. Let g be s(n). Suppose 5*y - 435 = -0*y. Calculate the highest common factor of y and g.
29
Suppose -251 = -2*z - 3*g, -3*g + 33 = 18. Calculate the highest common divisor of z and 413.
59
Suppose -624 = 9*y - 21*y. What is the highest common factor of 208 and y?
52
Let m = 309 - 275. What is the greatest common divisor of 187 and m?
17
Let d(l) = l + 20. Let u be d(-8). Let k = -6 - -10. Let n = u - k. What is the greatest common factor of 8 and n?
8
Let j = 26 - 12. Suppose v - 7 + 28 = 0. Let m = v + 28. What is the highest common factor of j and m?
7
Let g = 11 + 1. Suppose 2*j + 2*j - g = 0. Suppose -n = m - 18, -4*n + m + 10 = -j*n. Calculate the highest common divisor of n and 21.
7
Let d be (-53)/(-212) + (-319)/(-4). What is the greatest common divisor of 15 and d?
5
Let d be 42 - (2/(-7))/((-21)/294). Suppose 177 = 3*q - 2*h, -5*q - 2*h = -q - 222. What is the greatest common divisor of d and q?
19
Let w(f) = 8*f**2 + 4*f - 4. Let t be w(-4). Let j = -211 + 142. Let u = j - -81. What is the highest common factor of t and u?
12
Let t(k) = -1. Let u(i) = -21*i - 7. Let n(w) = -4*t(w) - u(w). Let z(a) = 3*a. Let l be z(3). Let p be n(l). What is the highest common factor of p and 25?
25
Suppose 13*v - 5 = 12*v. Suppose 2*q - 7*q - v*m + 45 = 0, -m + 21 = 3*q. Calculate the highest common divisor of q and 24.
6
Let q be 105/((-6)/12*-3). Calculate the greatest common divisor of q and 28.
14
Let d = -440 + 458. What is the highest common divisor of 8 and d?
2
Let m be 4/(-6)*(-357 - (7 + 2)). What is the greatest common factor of m and 671?
61
Let q(r) = 5*r - 7. Let p be q(-4). Let o(s) = s + 1. Let l be o(1). Let i be (-1)/(55/p + l). What is the highest common divisor of i and 3?
3
Suppose 6*u - 762 = 252. What is the greatest common divisor of u and 13?
13
Let y be (-60)/(-27) - (-9 - 249/(-27)). Let b be 0 - 64/(-2) - 0. Suppose 3*i + b = 2*s, i - 4 - 44 = -3*s. Calculate the highest common divisor of s and y.
2
Let n(r) = 3*r**2 + 26*r + 9. Let q be n(-14). Let a = q - 156. What is the greatest common divisor of a and 11?
11
Suppose -2*y - 4 = 2*y. Let p be 1 + (94/1 - y). Suppose -p = -2*l + 5*z, 0 = -2*l + 2*z + 35 + 49. Calculate the highest common factor of l and 19.
19
Let v = -17 - -83. Suppose -2*o + 5*k - 11 = 0, -5*o - k + v = 26. What is the highest common factor of o and 14?
7
Suppose 3*h + 2*q = 650, 4*q - 525 = 5*h - 1645. Calculate the greatest common factor of h and 11.
11
Suppose 16*v - 5*f - 290 = 11*v, -4*f + 200 = 4*v. What is the greatest common divisor of 144 and v?
18
Suppose -3*w - 3*x + 639 = 0, -3*w + x + 637 = -14. Suppose 0 = -2*j + 5*h + 43, -j = -2*j + 2*h + 22. What is the greatest common factor of j and w?
24
Suppose 4*b - 6*b = 0. Suppose -h + b + 2 = 2*y, y = -h + 3. What is the greatest common factor of h and 4?
4
Let f = 114 + -62. Suppose -5*v = -f - 68. Calculate the highest common divisor of 12 and v.
12
Suppose -f - 155 = -3*f + m, 2*f + 4*m - 180 = 0. Calculate the greatest common factor of f and 560.
80
Let t be 27 + 2 + (1 - 1). Suppose -n + 19 = 3*o - t, o + 5*n = 16. Suppose -6*s + 48 = -0. Calculate the highest common factor of s and o.
8
Let h be ((-48)/14)/(183/63 - 3). Let r = h - -2. Calculate the greatest common divisor of r and 57.
19
Let v(j) = -51*j + 1590. Let c be v(0). Calculate the greatest common factor of 60 and c.
30
Suppose 4*b - 1444 = -4*d, -2*b + 3*b = 5*d + 355. Calculate the greatest common factor of b and 20.
20
Suppose -2*a = 9*a - 297. Suppose 14*i - 17*i = -a. Calculate the greatest common factor of 3 and i.
3
Let l be (-2 - (0 + -3)) + 114. Suppose 3*r - l = -2*r. Suppose -5*u + 12 = 3*k - 8, -k + r = 4*u. What is the greatest common factor of u and 14?
7
Let o = -3 + 2. Let g(k) = 8*k**2 + 2*k + 1. Let x be g(o). Suppose 5*v = x*v - 10. Calculate the greatest common divisor of 2 and v.
1
Suppose 5*s - 4*r = 70, 2*r + 7 = 4*s - 55. What is the greatest common divisor of s and 30?
6
Let y = -20 - -38. Suppose 0 = 19*j - y*j - 4. What is the highest common divisor of 16 and j?
4
Suppose 2*q = 8 - 0. Suppose -798 + 222 = -q*v. What is the highest common divisor of 18 and v?
18
Let n = 205 + -196. What is the greatest common factor of 24 and n?
3
Let u(x) = 2*x**2 + 1. Let p be u(-4). Let a be 11*(-7)/21*-21. Calculate the greatest common divisor of a and p.
11
Let y be 1428/350 + 4/(-50). Let x(p) be the first derivative of 17*p**2 + 4*p - 1. Let d be x(y). What is the highest common factor of 20 and d?
20
Let i(w) = w**3 - 22*w**2 - 2*w + 30. Let r be i(22). Let b be (-332)/(-14) - 4/r. Calculate the greatest common divisor of 40 and b.
8
Suppose t + 3*t - 5*q = 12, 5*t - 15 = -4*q. Suppose 0 = 3*d - 8*p + t*p - 80, 5*d - 185 = -2*p. Calculate the highest common factor of 7 and d.
7
Let z = 12245 + -7550. Calculate the highest common divisor of z and 15.
15
Let h be ((8/(-20))/(-1))/((-2)/(-230)). What is the highest common divisor of h and 782?
46
Suppose -1 = w - 2. Let i be ((-6)/(-12))/(w/52). What is the highest common factor of i and 156?
26
Let h = -54 + 46. Let t be (-674)/h - (-9)/(-36). What is the highest common factor of t and 21?
21
Let j(o) = -2*o - 14. Let k be j(-9). Suppose 0 = -k*x - q + 53, x - 5*q - 29 = -0*x. Calculate the greatest common divisor of x and 35.
7
Suppose -88 + 338 = 2*o. Let f = o + -228. Let g be f/(-3) - 2/6. Calculate the greatest common factor of 51 and g.
17
Let g = 45 - 38. Calculate the highest common divisor of g and 168.
7
Suppose 0 = 6*i - 107 - 2863. What is the greatest common divisor of 99 and i?
99
Let g be 78 + -1*8/1. What is the greatest common divisor of g and 56?
14
Let f(c) = -c**3 - 3*c**2 + 11*c + 10. Let s be f(-5). Let y be (9/4)/(9/120). Calculate the highest common factor of s and y.
5
Let p be (-3)/(-7) + (-816)/(-56). Calculate the highest common divisor of p and 15.
15
Suppose -4*v - 4*f = 0, 3*v - 2 = 5*v + f. Let w be ((-3)/v)/((-7)/(-182)). Suppose 3 = -3*n + w. Calculate the highest common divisor of n and 18.
6
Let q = 21 - -91. Suppose 10*z - 14 = 9*z. What is the greatest common factor of z and q?
14
Suppose 0 = -13*i - 140 - 172. Let x be (-21)/28*16/(-6). Let d be x/((-3)/(i/4)). What is the highest common divisor of d and 2?
2
Suppose 3*p + 198 = 3*n, -17*n - 214 = -20*n - 5*p. What is the highest common divisor of 119 and n?
17
Suppose -4*b - 3*h = -6*b + 14, h - 22 = -2*b. Suppose -4*g + 54 = -b. Calculate the highest common factor of 40 and g.
8
Suppose -j - 2*t = -2 - 7, 2*j - 3*t = 46. Let r = -97 - -114. Calculate the greatest common divisor of j and r.
17
Suppose 156 = 20*a - 16*a. Let m be (-7)/((-14)/628) - 2. What is the highest common divisor of m and a?
39
Let v(x) 